37*r = -14*r - 46. Let p(x) = 3 + 2*x**2 + 3*x - x - 2*x**3 - 4*x. Determine p(r).
-9
Let k be 3 + -8 - (-4 + 11). Let w be (k/5)/(20/(-50)). Let o(y) = 6*y - 31. Determine o(w).
5
Let a(h) = 65 - 2*h**2 - 5*h - 10*h**3 + 92 - 136 + 9*h**3 + 8*h**2. Determine a(6).
-9
Let a(z) = -34*z + 61. Let m(r) = 27*r - 50. Let b(i) = -7*a(i) - 8*m(i). Give b(0).
-27
Suppose -3*v + 727 = 646. Suppose -4*m = -t - 4, -6*m = -m + 2*t - 5. Let r(w) = -m + 53*w - v*w - 25*w. Give r(-6).
-7
Let f(q) = -14*q + 232. Let m be f(16). Let j(w) = 11*w**2 - m*w - 18*w**2 + w**2 + w**3 + 10. Calculate j(7).
3
Let s(c) = 3 - 237*c**2 + 2 + 219*c**2 - 3 + 12 + 23*c - c**3. Give s(-19).
-62
Let f be 1 - (13 - 1)/(-3). Let l(j) = -2 + 4 + 1 - f + 2*j. Let m(n) = 2*n - 2. Let q be m(3). Give l(q).
6
Suppose 27*j = 20*j + 42. Let m(i) = -j + 13*i**2 + 6 - 1. Determine m(-1).
12
Let j(t) = -25*t**2 - t + 2. Let v(d) = 57*d**2 + 4*d - 4. Let m(a) = -9*j(a) - 4*v(a). What is m(-5)?
-42
Let s(j) = -3*j - j - 2 - 2*j**2 - 3*j**2 + 4*j**2. Let a be (216/15)/(-12)*(-90)/(-27). Calculate s(a).
-2
Let d(z) = -3*z**2 + 105*z - 644. Let s be d(8). Let j(b) be the second derivative of s*b + 0*b**3 + 1/2*b**2 - 3/10*b**5 - 1/12*b**4 + 0. What is j(-1)?
6
Suppose 5*d + 7 = -53. Let l be (d + 4)*2/(-8)*1. Let c(i) = i**l - i**2 - 2*i**2 - i. What is c(2)?
-10
Let x(p) be the third derivative of -p**4/12 - p**2. Suppose 0 = -4*i + 334 + 222. Let g = i - 137. Determine x(g).
-4
Let c(a) = -a**2 - 5*a + 4. Let z(q) = 2*q**2 + 4*q - 5. Let i(x) = -3*c(x) - 2*z(x). Suppose 2162 = 7*s + 678. Let o = s - 206. What is i(o)?
4
Let q be 1 + -7 - (-2 - 6). Let b(a) = 7*a - 4. Let x(o) = 11*o - 4. Let p(j) = q*x(j) - 3*b(j). Suppose 30 = 2*m + 3*m. Calculate p(m).
10
Let u(f) = 364*f - 3*f**2 - 369*f + 5*f**2 + 53 - f**2 + 0*f**2. Determine u(0).
53
Let m(l) = 6*l**3 + 3*l**2 + l. Suppose 20300 = -16*p + 20332. Give m(p).
62
Let k(g) = 2*g**2 + g - 3. Let b(f) = f**2 + 300*f - 906. Let c be b(3). Determine k(c).
18
Let j(f) = -12. Let o = 35 + -41. Let m(y) = y + 2. Let i(c) = o*m(c) - j(c). Calculate i(4).
-24
Let j = -76 + 78. Let f(b) = 2*b**3 - b**2 + 2. Give f(j).
14
Let r(d) = -32*d**2 - 5*d + 6. Let m(y) = 16*y**2 + 3*y - 3. Let s(f) = -5*m(f) - 3*r(f). What is s(-2)?
61
Let i = -249 - -269. Suppose w + 5 = -3*b + 2*b, 4*w = 4*b - i. Let u(h) = h**3 + h**2 - h + 17. Determine u(b).
17
Suppose 2*f = 4*i - 48, -3*i + 2*i - 6 = 4*f. Let a be (-2 - 0)/(i/25). Let m(n) = -2*n**2 - 199 + 4*n + 393 - 195 + 2*n**2 + n**2. Give m(a).
4
Suppose 8*x - 2067 = -2027. Let y(i) = -3*i + 3. What is y(x)?
-12
Let s(m) = m**2 + 9 - 19106*m + 19094*m + 0*m**2. Give s(9).
-18
Suppose -5*y + 5*a = -60, 2*y - 10*a - 26 = -7*a. Let b(d) = d**3 - 10*d**2 - d - 12. Calculate b(y).
-22
Let c(w) be the first derivative of w**4/2 + 2*w**3/3 - 3*w**2/2 - 3*w + 207. Determine c(-2).
-5
Let y(c) be the third derivative of c**5/60 - c**4/3 + c**3/6 - 18*c**2 + 41. What is y(6)?
-11
Let s(z) = -z**2 - 2*z - 2. Suppose 159*k - 156*k + 27 = 3*o, -5*k - o - 15 = 0. Determine s(k).
-10
Let g(p) = 3*p**2 + 8*p - 33. Let s be g(-5). Let x(q) be the first derivative of -q**2 - 1/3*q**3 + 7 + 2*q. Give x(s).
-6
Let n(x) be the third derivative of x**5/60 + x**4/24 - 35*x**3/6 - 6*x**2 + 5*x - 45. Calculate n(6).
7
Let z(d) be the second derivative of -d**4/12 + 31*d**3/6 - 24*d**2 - 3409*d. Calculate z(29).
10
Let q(i) = i**2 - 5*i + 1. Let c be q(4). Let l be 1 + -13 + c/(-3). Let d(f) = -11*f + 27. Let x(a) = -2*a + 8. Let u(t) = d(t) - 5*x(t). Calculate u(l).
-2
Let i(b) = 11*b - 23. Let w be i(6). Let m = 45 - w. Let z(k) = -2*k - 1 + m - k**2 - 1. Determine z(-2).
0
Suppose 237 = a + 5*n, a + 4*n - n - 235 = 0. Let u = a - 235. Let p(o) be the third derivative of o**5/60 + o**4/6 + 2*o**3/3 - 2*o**2. Calculate p(u).
1
Suppose 3*u - 12 = 3*i - 30, -2*i = -7*u - 27. Let j be 1*(3/(-3))/(-1). Let f(n) = 2*n + 0 - j - n. What is f(i)?
2
Let u be 4/3*(0 - -6). Let p be 2/7*(-37 + 51). Let k(i) = 3 - p*i - 2*i**2 - 5*i - 3*i + u*i. Give k(2).
-13
Let v(s) be the third derivative of -s**6/120 - 19*s**5/60 - 2*s**4/3 + 6*s**3 - 2129*s**2. What is v(-18)?
0
Let m(w) = 5*w**2 + 11*w + 14. Let y(v) = -6*v + 5*v + 18*v**2 - 20*v**2 - 1. Let t(c) = -m(c) - 3*y(c). Give t(8).
-11
Suppose 0 = -5*b - n + 4, 4*b - 281*n = -282*n + 3. Let l(k) = -7*k + 2. What is l(b)?
-5
Let s be (27 - (-2 + 2)) + (2 - -1). Let h(k) = 11 - 16*k - s + 9 + 7. Calculate h(-2).
29
Let a(c) = -c + 13. Suppose -14*x - 272 = -34. Let v be (-38 - x)*12/14*-1. Give a(v).
-5
Suppose 0 = -5*z - 3*k - 84, -z + 24 = -k + 28. Let t(y) = -2*y**2 - 8*y + 195. Determine t(z).
3
Suppose -64*z + 30*z = 25*z + 590. Let a(q) = q**2 + 11*q + 15. Determine a(z).
5
Suppose -14 = -5*m - 3*n, -5*m = 4*n + 4 - 16. Suppose 2*t = m*c, t = 5*c - t - 2. Let x(b) = 7*b - 6. What is x(c)?
8
Let g(c) = 5*c - 5. Suppose -57 = 7*l - 71. Suppose 5*x = l*p + 12, p - 10 = -4*x + 10. Calculate g(x).
15
Let o(c) be the third derivative of c**6/120 + c**5/6 - c**4/3 + 4*c**3 + 30*c**2 + 7*c + 3. Calculate o(-11).
-9
Suppose -304 = -75*d - 604. Let x(b) be the first derivative of -b**2/2 - 11*b - 1. Determine x(d).
-7
Let g be (10 - 0)*-116*(-6)/48. Let j = 140 - g. Let t be ((-10)/j + 0)*1. Let u(y) = -y**2 - y + 1. Give u(t).
-5
Let l(b) = -3 - 24 - 24 + 112 - b**2. Calculate l(-8).
-3
Let a(x) = 11*x**2 + 6 - 9*x**2 - 9*x**3 + 10*x**3 + 5*x - 9*x**2. Determine a(5).
-19
Let w(h) = -h**3 - 6*h**2 + 8*h + 10. Let r be (-123)/(-7) + (-20)/35. Suppose 35 = 12*l - r*l. Give w(l).
3
Let r(o) = -o**3 + 39*o**2 + 39*o + 29. Let p = -301 + 341. Let c be r(p). Let s(w) = w**2 + 10*w. Give s(c).
11
Let n(q) = 3*q + 1. Let o(m) = m - 1. Let z(i) = -n(i) + 2*o(i). Suppose -377*w + 4*j - 2 = -375*w, 0 = w + j + 10. Give z(w).
4
Let q be 4*(-2)/(-3 + 7). Let x(k) = -24659*k**2 - 24653*k**2 - 24656*k**2 + 73971*k**2 - 2 + 2*k. Calculate x(q).
6
Let s(t) be the second derivative of t**4/12 - 5*t**3/6 - 89*t**2/2 - 3*t - 42. Let k(q) be the first derivative of s(q). What is k(-7)?
-19
Let f(i) = i**2 - 22*i - 35. Let r = -12768 + 12788. Calculate f(r).
-75
Let v(b) be the third derivative of -1/3*b**3 - b**2 + 0*b + 1/60*b**5 - 1/8*b**4 + 0. Suppose 0 = 3*k + 5*t + 56, 208*k - 210*k = 5*t + 54. Determine v(k).
8
Let n(r) = -r - 2. Let x be (35 + -29)*1/2. Suppose -x = 5*k + 5*a + 2, -5*k + 3*a - 45 = 0. Calculate n(k).
4
Let u(b) = 56*b**3 + 6*b**2 - 28*b - 29. Let s(h) = h**3 - h**2 + 4*h + 4. Let v(r) = -6*s(r) - u(r). Determine v(-1).
63
Let d(v) be the first derivative of v**2/2 + 21*v + 2143. Determine d(10).
31
Suppose 2*l - 4*l - i - 184 = 0, -i + 446 = -5*l. Let j = l - -127. Let h(k) = -12*k**3 - 11*k**3 - 13*k**3 + j*k**3 + 2. What is h(-2)?
-6
Let l be (2 + -3 + 0)/((-1)/10). Let t be (6/(-5))/(l/(-50)). Let r(y) = -y. What is r(t)?
-6
Let b(m) = -7*m**3 + 94*m**2 + 59*m - 233. Let c(d) = 12*d**3 - 157*d**2 - 98*d + 388. Let s(j) = -17*b(j) - 10*c(j). What is s(-27)?
-27
Let p(d) be the second derivative of -93*d + 1/2*d**4 - d**3 + 4*d**2 - 1/20*d**5 + 0. What is p(4)?
16
Let c be 36/(-30)*(-20)/(-3). Let u(w) = -4*w**3 - 12*w**2 - 18*w + 16. Let o(b) = -3*b**3 - 11*b**2 - 15*b + 11. Let y(r) = 3*o(r) - 2*u(r). Determine y(c).
9
Let i be (0 - 5/15) + 11/(-3). Let z(v) = -10*v**3 - 10*v**2 - v + 4. Let k be z(i). Let q(n) = -3*n - 488 + k. What is q(5)?
-15
Let x(s) = 907 + 4*s - 4*s**2 - 901 + 0*s**2 + 5*s**2. Let j(o) = o**3 - 3*o**2 - 7*o + 6. Let k be j(4). What is x(k)?
18
Let p(z) be the first derivative of -2/3*z**3 - z + 3*z**2 + 10. What is p(4)?
-9
Suppose -749*s = -669*s - 32 - 48. Let m(q) = 14*q**2 - 1. Let f(k) = -k**2. Let a(j) = 5*f(j) - m(j). Determine a(s).
-18
Let d = 93 + -96. Let h(a) = 4*a**3 + 3*a**2 - 3*a + 1. Let f = 83 - 80. Let p(k) = -5*k**3 - 3*k**2 + 4*k - 1. Let n(c) = f*p(c) + 4*h(c). Give n(d).
1
Let d = 192 + -182. Let u(x) = 9*x + 2*x - d*x - 3*x. What is u(-3)?
6
Let v(p) = 4*p**3 - p**2 - p + 1. Let g(s) = -21*s**3 - 3*s**2 - 4*s - 2. Let w be (-6)/24*-4*-1. Let z(f) = w*g(f) - 5*v(f). Give z(-7).
-17
Let z(u) be the first derivative of -12 + u**2 - 4/3*u**3 - 3*u + 1/4*u**4. Determine z(2).
-7
Let n(c) be the third derivative of 1/2*c**3 + 0*c + 1/60*c**5 + 0 + 5/24*